(1 - -1). What is the units digit of (-20)/8*w/(-10)?
4
Let g = 171 - -9. What is the tens digit of g?
8
Let y(x) = -x**2 - 6*x - 6. Let t be 27/(-5) + (-2)/(-5). Let k be y(t). What is the units digit of (k/(-2))/(3/12)?
2
Let p(s) = 27*s**2 + s. Let c be p(1). Let g = 9 - c. Let w = g - -28. What is the units digit of w?
9
Suppose 0 = u - 4*y - 16, 0 = -5*u + 2*y + 92 + 78. What is the units digit of u?
6
Suppose 12*w - 5*w = 518. What is the tens digit of w?
7
Suppose -3*w + 287 + 226 = -y, 4*y = 5*w - 848. What is the tens digit of w?
7
Let q(f) = 3*f - 14. Suppose 0 = -5*x + 7*x - 16. What is the tens digit of q(x)?
1
Let m(x) = -x**2 - 23*x - 36. What is the units digit of m(-16)?
6
Let g = 9 - 4. Let p = 9 - g. Suppose 59 - 7 = 4*j + p*q, j + 12 = 4*q. What is the units digit of j?
8
Suppose -5*v - 19 - 66 = 0. Let y = v - -50. Suppose 5*m - 7 - y = 0. What is the units digit of m?
8
Let v = 64 - 93. Let k = -19 - v. Suppose 0 = -0*i + 2*i - k. What is the units digit of i?
5
Suppose 0 = 2*f + 2*g - 4*g - 58, -g + 29 = f. What is the units digit of f?
9
Let q(k) = 30*k. What is the units digit of q(2)?
0
Suppose 0 = -5*w + 10 + 15. Suppose -w*h + 25 = -10. What is the units digit of h?
7
Suppose f + 408 = 4*f. What is the tens digit of f?
3
Suppose 2*w = -2*k + 56, 7 = -3*k - 2*w + 90. Suppose 4*q + z = k, -2*q + 0*z = -3*z - 17. What is the units digit of q?
7
Let s be (-1 - (2 + -2)) + 3. Let u be 1 + -4 + 16/s. Suppose 3 = 2*p - 5*m, 0*p - 4*p = u*m - 51. What is the units digit of p?
9
Let y be (-18)/(-14) + (-4)/14. Suppose -m + y = -3, -3*f = -2*m + 32. Let x = -6 - f. What is the units digit of x?
2
What is the units digit of -3 + 0 + 9 - 1?
5
Let x(k) = k**2 + 10*k - 7. Let v be x(-11). Suppose n + v*n = 5. Suppose -4*y - n + 29 = 0. What is the units digit of y?
7
Suppose 2*l = -q - 2*l + 32, -2*q + 4*l + 16 = 0. What is the units digit of q?
6
Let y = -2 - -5. Suppose -2*r + 5*m = -16, 0 = -3*m - 0*m - 6. What is the units digit of r/y + (3 - 2)?
2
Suppose m + 3*m + 32 = -4*t, 2*t + m + 13 = 0. Let c = t + 10. What is the units digit of c?
5
Let m(z) = -z**2 - 27*z + 60. What is the units digit of m(-28)?
2
Suppose -616 = -50*y + 46*y. What is the hundreds digit of y?
1
Suppose -2*y + 175 = 4*l - 5, 5*y = 0. Suppose 3*s - 11 - l = 5*r, 0 = -3*s - 2*r + 28. Suppose m + 2*m = s. What is the units digit of m?
4
Suppose 0*q + 2*q + 100 = 0. What is the units digit of (-32)/10*q/5?
2
Let x = -3 + 3. Let v = x - 5. What is the units digit of (-4)/10 - 17/v?
3
Let w be (-5 - -2)*(2 - 5). Let c = 3 + w. Let f = 8 + c. What is the tens digit of f?
2
Suppose 0 = -4*u + 3*y + 45, 0 = 5*u + y + y - 85. What is the tens digit of u?
1
Let i be 57 - -2*(-2 - -1). Suppose 5*x + u = 95, 6*u = -4*x + u + i. What is the tens digit of x?
2
Let b = -137 - -234. What is the tens digit of b?
9
Suppose 0 = 2*o + j - 3*j + 6, 4*o + 5*j = 15. Suppose 4*x - 3*m - 24 = o, -m - 4*m = x - 6. What is the units digit of x/6 - (1 + -15)?
5
Let m(s) = s + 23. What is the tens digit of m(-6)?
1
Let u(h) = h**2 - h + 21. What is the units digit of u(0)?
1
Let g(b) = b**2 - 3*b - 2. Let a be 3 + 6*(-2)/(-6). What is the units digit of g(a)?
8
Let j be ((-7)/(-21))/(2/372). Suppose 8 = 2*a - j. What is the tens digit of a?
3
Let c(i) = i**2 + 5*i + 4. Let a = -2 + -3. What is the units digit of c(a)?
4
Suppose 4*j + 14 = 2*r, 0 = -4*r + j - 3*j + 28. What is the units digit of r?
7
Let b(w) = w**2 - 3*w + 2. Let c(h) = h**3 + 6*h**2 + 3*h - 6. Let u be c(-5). Suppose -5 = l + 3*d, u*d - d = -2*l - 1. What is the units digit of b(l)?
6
Let p(a) = -71*a - 4. What is the tens digit of p(-1)?
6
Let m be -1*(24/(-3) + 3). Let v(j) = -4 - 4*j**2 + m + 5*j**2. What is the units digit of v(1)?
2
What is the units digit of (36/(-21))/(2/(-7))?
6
Let p be (-2 + 1)*(-55)/5. Suppose 2*s - p = -5. What is the units digit of s?
3
Suppose 0 = -4*o - h + 2*h + 5252, 0 = -h. What is the tens digit of o/65 + 1/(-5)?
2
Let h(g) = g + 16. What is the units digit of h(-5)?
1
Let t(d) = 9*d + 3. Let w be t(-3). Let x = -14 - w. What is the units digit of x?
0
Suppose b - 6 = -0. Let l(p) = -3 - 2*p**2 - 4*p**2 - p**2 + p**3 + 0*p**2 + 9*p. What is the units digit of l(b)?
5
Let z be (-15)/(-2) - 3/(-6). Let l be (z/(-10))/(2/(-40)). Suppose 2*k = k + l. What is the tens digit of k?
1
Suppose -l - 190 = -u, 2*u - l = 6*u - 765. What is the hundreds digit of u?
1
Let h = 6 + 1. What is the units digit of h?
7
Let w = 0 - 2. Let x be w/(-8) - (-21)/12. Suppose c = x - 1. What is the units digit of c?
1
Let c(h) = -7*h + 13. What is the units digit of c(-5)?
8
Suppose 4*c + q - 59 = 0, -4*c + 54 = q + q. Suppose -t + 19 = -5*u - c, 5*t - u = 55. What is the tens digit of t?
1
Let p(q) = -q**3 + 15*q**2 - 9*q - 1. What is the tens digit of p(14)?
6
Let q(g) = 59*g - 30. What is the units digit of q(4)?
6
Suppose 0 = -23*q + 30*q - 567. What is the units digit of q?
1
Let j = 6 - 2. What is the units digit of j?
4
Suppose 2*o + 3*o - 40 = 0. What is the units digit of o?
8
Suppose 6*c - 144 = 3*c. What is the tens digit of c?
4
Suppose -5*v - 22 = -4*d, 3*d - 2*v - 2*v - 17 = 0. Suppose -d*b = -12 - 15. What is the units digit of 39/b - (-2)/(-6)?
4
Let y = 13 - -78. What is the tens digit of y?
9
Suppose 5*v = 6*v - 29. Let k = v - 9. What is the units digit of k?
0
Let x be 6 - (-3)/(2 + 1). Suppose x*v - 4*v - 47 = -2*m, 3*v = -4*m + 79. What is the units digit of m?
6
Let y = -4 - -5. What is the units digit of y?
1
Let x(j) = -2*j**2 - 6*j + 6. Let i be x(-7). Let m = -33 - i. What is the units digit of m?
7
Let h be (-96)/(-15) + 4/(-10). Let b = -5 + h. What is the units digit of (-2 + 24)/b + -2?
0
Suppose 0 = -0*g + g - 4*r + 16, 3*g = -r + 4. Suppose g = 5*o - 4 - 21. What is the units digit of o?
5
Let l = 253 + -132. What is the hundreds digit of l?
1
Suppose 4*w - 40 = -4*l, -3*w + 7*w = -5*l + 45. Suppose -p = c - 14, -3*p + 19 + 33 = w*c. What is the units digit of p?
9
Suppose -2 = -2*x - 3*f + 11, -5*x + f = -7. Suppose -3 = 2*t - 1, -4*t + 20 = x*s. Suppose -c - c = -s. What is the units digit of c?
6
Let g be (62/4)/(7/14). What is the units digit of 1*g - (7 + -4)?
8
Let s(x) = -x**2 - 1. Let r(y) = 2*y**2 + 7*y + 13. Let u(c) = r(c) + 3*s(c). Let j be u(8). Suppose j*z + 1 = 3*z. What is the units digit of z?
1
Let c be (-21)/18 - (-1)/6. What is the units digit of (c*(-104)/(-4))/(-1)?
6
Let t = -1 - 2. What is the units digit of -1 - 1 - 9/t?
1
What is the tens digit of (2 - 8/5) + 556/10?
5
Let v(s) = 7*s - 1. What is the units digit of v(2)?
3
Suppose k = -2*u + 12, -17 = -5*u + 3. Let d(q) = -q + 4*q - 2 + 0. What is the tens digit of d(k)?
1
Let y(c) = 7*c. Suppose -2*f + 5 - 13 = 0. Let s be f/6*(-6)/4. What is the units digit of y(s)?
7
Let s be (1 - -3)/(-2)*4. Let b = 25 - s. What is the tens digit of b?
3
Let b(a) = 18*a - 33. What is the units digit of b(6)?
5
Let i be (12/(-16))/(2/(-8)). Suppose c = i*v - 2*c - 69, 3*v + c - 65 = 0. Suppose k - 3*m = -k + v, -5*m - 15 = k. What is the units digit of k?
5
Let q(a) = -a**2 + 7*a - 5. Suppose -3 = 3*y - 21. Let z be q(y). What is the tens digit of z*(-1 + 0)*-19?
1
Suppose -5*w - 212 = 3*b, -b = -5*w + 2*b - 188. What is the tens digit of (20/w)/((-2)/56)?
1
Let o(j) = -j**3 - 4*j**2 + 4*j - 2. Let u be o(-5). Suppose 5*g = u*g + 10. What is the units digit of g?
5
Suppose 0 = p - 3*f - 20, 3*f = 5*p - 0*f - 124. Suppose 3*q + p = 65. What is the tens digit of q?
1
Suppose -5*l - 4*i = -87, 3*l + 2*i - 34 = l. What is the tens digit of l?
1
Let y = -68 + 98. What is the tens digit of y?
3
Suppose 0 = 4*v - v - 519. What is the hundreds digit of v?
1
Suppose -5*f = -3*y - 268, 0 = f - y - 28 - 26. What is the tens digit of f?
5
Suppose 3*b + 3 = 0, -11 = -w - 2*w + 2*b. Suppose 5*n = n + 4*o + 148, -5*n + 145 = w*o. What is the units digit of n?
2
Suppose 5*q - b - b = 106, -2*q = 4*b - 28. What is the units digit of (-10)/(-4)*64/q?
8
What is the units digit of 0 + (2 - 1) - -21?
2
Let s(f) = -f**2 - 4*f. Let x be s(-4). Suppose -2*t = -4*w - 0*w - 18, 2*w + 5*t + 3 = x. Let r(m) = m**2 + 5*m + 5. What is the units digit of r(w)?
1
Suppose -2*a - 4 = -5*c - 29, -35 = -4*a + 5*c. Suppose -2*n = 4*h - 4, a*